e q(13).
-18
Let s(h) = 14*h + 50. Calculate s(-2).
22
Let q(a) = -2*a**2 - 89*a + 586. What is q(7)?
-135
Let t(b) = -2524*b - 25241. What is t(-10)?
-1
Let n(h) = -184*h**2 - 2*h + 3. Calculate n(1).
-183
Let t(x) = x**3 + 27*x**2 + 28*x - 4. Give t(-26).
-56
Let d(y) = -y**2 - y - 81. Give d(-12).
-213
Let x(t) = -t**3 - 47*t**2 - 500*t - 123. Give x(-31).
1
Let h(g) = g**3 - 17*g**2 + 23*g + 46. What is h(16)?
158
Let i(q) = -26*q**2 + 355*q - 26. Calculate i(13).
195
Let p(c) = -9*c**3 + 70*c**2 + 25*c - 75. Calculate p(8).
-3
Let t(l) = -22*l + 107. Calculate t(2).
63
Let k(x) = x**3 - 134*x**2 + 1238*x + 12. What is k(10)?
-8
Let x(g) = -g**3 - 7*g**2 + 9*g - 13. Determine x(-8).
-21
Let c(p) = -p**2 - 78*p - 1462. Give c(-31).
-5
Let p(x) = 71*x**2 + 77*x - 2. Give p(-1).
-8
Let n(v) = -163*v - 4098. Determine n(-25).
-23
Let z(s) = -3*s**2 + 6*s + 19. Give z(-2).
-5
Let m(b) = -477*b**2 + 1915*b - 5. Determine m(4).
23
Let n(t) = -1204*t + 8540. What is n(7)?
112
Let m(l) = -5*l**3 - 139*l**2 + 40*l + 24. Give m(-28).
-312
Let g(t) = 34*t - 5. Determine g(-18).
-617
Let m(b) = b**2 - 172*b + 2498. Determine m(16).
2
Let o(k) = 2699*k - 2526. What is o(1)?
173
Let r(i) = -3*i**2 + 11*i - 3. What is r(2)?
7
Let z(h) = -36*h + 110. Calculate z(9).
-214
Let x(k) = -38*k - 943. Give x(-25).
7
Let m(l) = -98*l**2 + 10*l + 9. Calculate m(-1).
-99
Let a(q) = q**3 - 39*q**2 - 27*q + 37. Determine a(40).
557
Let a(r) = -25*r - 57. Determine a(0).
-57
Let p(y) = -y**2 + 33*y + 8284. Calculate p(109).
0
Let x(y) = -9*y**3 + 7*y**2 - y + 1. Give x(2).
-45
Let w(a) = -4789*a + 19207. Calculate w(4).
51
Let o(u) = 5*u**2 + 36*u + 60. Determine o(-5).
5
Let i(o) = -o**3 - 72*o**2 + 371*o - 25. What is i(5)?
-95
Let a(b) = -95*b + 101. Calculate a(1).
6
Let k(o) = 52*o - 701. What is k(12)?
-77
Let c(n) = n**3 - 4*n**2 + 14*n - 92. Determine c(5).
3
Let h(p) = 2*p**3 - 36*p**2 - 114*p + 1452. Give h(19).
8
Let g(n) = 25*n - 36. Calculate g(3).
39
Let z(t) = -t**2 - 94*t - 2179. Calculate z(-41).
-6
Let z(h) = 50*h + 257. What is z(-4)?
57
Let l(t) = -t**3 - 30*t**2 + 42*t + 117. Calculate l(-31).
-224
Let j(v) = v**2 + 428*v - 24964. Give j(52).
-4
Let w(l) = 176*l + 34. Calculate w(1).
210
Let m(b) = b**3 + 6*b**2 + 13*b + 45. Determine m(-5).
5
Let c(s) = -46*s - 235. Give c(-4).
-51
Let f(u) = -u + 1128. Calculate f(-15).
1143
Let y(j) = -j**3 - 30*j**2 - 161*j + 241. Calculate y(-9).
-11
Let b(y) = -2*y**3 - 104*y**2 + 3*y + 152. What is b(-52)?
-4
Let b(d) = 525*d - 16. Give b(0).
-16
Let z(f) = 3*f**3 + 8*f**2 - 2*f + 157. Calculate z(-5).
-8
Let i(k) = -5*k**2 + 65*k + 122. Determine i(14).
52
Let x(q) = -q**3 + 65*q**2 + 499*q - 155. Calculate x(72).
-515
Let t(w) = -23*w**3 + 5*w**2 + 6*w - 10. Give t(1).
-22
Let p(y) = 7*y**3 - 4*y**2 - 11*y - 34. Give p(-4).
-502
Let i(y) = -y**3 + 38*y**2 + 127*y + 2. What is i(41)?
166
Let b(o) = o**3 - 189*o**2 - 578*o + 421. Calculate b(192).
37
Let x(j) = 24*j**2 + 12*j + 13. Give x(-3).
193
Let u(y) = 24*y**2 - 7*y + 2. Calculate u(3).
197
Let g(k) = 1641*k - 132925. Determine g(81).
-4
Let b(n) = 333*n - 9294. Determine b(28).
30
Let i(g) = 6*g - 203. What is i(-6)?
-239
Let n(h) = -2725*h + 2731. What is n(1)?
6
Let c(l) = -33*l + 401. Give c(19).
-226
Let l(j) = 1428*j + 2851. Determine l(-2).
-5
Let d(y) = -y**2 + 73*y - 917. Calculate d(16).
-5
Let l(m) = -226*m**2 + 220*m + 5. Give l(1).
-1
Let w(q) = 360*q - 11783. Determine w(33).
97
Let f(h) = 495*h + 25257. Determine f(-51).
12
Let p(x) = -x**2 - 2*x + 161. Determine p(-12).
41
Let v(x) = 2*x**3 + 25*x**2 + 49*x + 8. What is v(-10)?
18
Let f(x) = -35*x + 813. Calculate f(23).
8
Let x(q) = 2*q**3 - 20*q**2 + 49*q - 1. Determine x(6).
5
Let m(l) = -2*l**3 - 9*l**2 + 11*l - 28. Give m(-6).
14
Let h(a) = -a**2 - 79*a - 83. Calculate h(-1).
-5
Let g(f) = f**3 + 58*f**2 - 839*f + 60. What is g(-70)?
-10
Let p(k) = -4*k**2 - 31*k - 100. Determine p(-3).
-43
Let h(n) = 2*n**2 + 1722*n - 24493. What is h(14)?
7
Let y(w) = -4*w - 215. Calculate y(-33).
-83
Let q(i) = -2*i**2 + 25*i + 112. Give q(-4).
-20
Let m(p) = -p**3 + 36*p**2 - 36*p + 38. Calculate m(35).
3
Let i(d) = d**3 + 86*d**2 + 14*d + 1218. Calculate i(-86).
14
Let p(u) = 158*u - 156. Give p(1).
2
Let a(o) = -2851*o + 62717. Determine a(22).
-5
Let s(d) = d**2 + 5269*d + 31576. What is s(-6)?
-2
Let w(a) = -517*a - 4137. Determine w(-8).
-1
Let b(n) = -n**2 + 15*n + 685. Calculate b(-20).
-15
Let j(k) = 525*k**2 - 4202*k + 21. What is j(8)?
5
Let g(o) = 622*o + 1653. What is g(-3)?
-213
Let f(r) = 170*r - 8018. What is f(47)?
-28
Let x(y) = -161*y - 205. Determine x(-6).
761
Let v(p) = 14*p**2 + 145*p + 34. What is v(-10)?
-16
Let g(m) = -m**2 - 98*m - 2107. Give g(-67).
-30
Let x(i) = -435*i**2 - 3917*i - 5. Calculate x(-9).
13
Let m(b) = 10*b - 254. What is m(13)?
-124
Let z(i) = -114*i + 1629. Determine z(14).
33
Let g(r) = 2468*r - 34546. What is g(14)?
6
Let z(o) = 30*o**2 + 104*o + 37. Give z(-3).
-5
Let q(k) = 57*k + 436. Give q(-10).
-134
Let k(i) = -4*i**3 - 381*i**2 + 677*i - 203. Give k(-97).
-9
Let r(n) = -576*n - 5791. Calculate r(-10).
-31
Let q(t) = 3*t - 7. Give q(13).
32
Let q(z) = -38*z - 3926. What is q(-107)?
140
Let n(o) = -35*o**2 + 3079*o + 46. What is n(88)?
-42
Let b(g) = -63*g - 173. What is b(0)?
-173
Let w(f) = -f**2 - 20*f - 110. Determine w(-10).
-10
Let v(m) = -20*m**2 + 472*m - 941. Determine v(2).
-77
Let f(r) = -3*r**2 - 96*r + 1. Calculate f(-32).
1
Let k(i) = -122*i + 37. What is k(3)?
-329
Let l(s) = -24*s**3 - 34*s - 35. Give l(-1).
23
Let n(t) = -t**3 - 19*t**2 + 60*t - 4. Give n(3).
-22
Let c(x) = -10*x**2 - 69*x - 122. Calculate c(-4).
-6
Let g(l) = 573*l + 2778. Determine g(-5).
-87
Let h(o) = -7039*o - 77411. Calculate h(-11).
18
Let s(p) = -10*p**2 - 69*p - 48. Calculate s(-6).
6
Let l(p) = 5*p**3 + 22*p**2 - 8*p - 68. What is l(-4)?
-4
Let g(v) = v**2 - 84*v + 778. Determine g(73).
-25
Let t(f) = 2*f**2 + 20*f - 135. Calculate t(-15).
15
Let d(u) = u**3 + 49*u**2 + 567*u - 48. Determine d(-30).
42
Let y(n) = -8146*n - 24434. Give y(-3).
4
Let t(m) = m**2 - 6*m + 39. Determine t(-8).
151
Let m(r) = -186*r - 168. Calculate m(-1).
18
Let f(u) = 2*u - 257. Give f(-5).
-267
Let h(a) = 45*a - 389. Give h(-8).
-749
Let n(a) = a**3 - 7*a**2 + 18*a - 38. Give n(5).
2
Let q(v) = -7*v**2 + v - 62. What is q(0)?
-62
Let l(q) = q**3 + 5*q**2 - 44*q - 216. Give l(-6).
12
Let p(n) = -2*n**3 - 44*n**2 + 3*n + 236. Give p(-22).
170
Let r(s) = 1225*s - 6124. What is r(5)?
1
Let x(a) = 5*a**3 - 4*a**2 - 12*a + 35. Give x(-4).
-301
Let z(r) = -166*r + 17946. What is z(108)?
18
Let x(l) = l**3 + 16*l**2 - 339*l - 60. Calculate x(12).
-96
Let k(c) = -607*c - 13361. Give k(-22).
-7
Let f(b) = b**3 + 21*b**2 + 92*b - 33. What is f(-7)?
9
Let w(l) = 31*l**2 - 57*l - 57. Determine w(-1).
31
Let c(f) = 3*f**2 - 5*f - 100. Determine c(10).
150
Let m(d) = d**3 - 49*d**2 - 103*d + 69. Calculate m(51).
18
Let n(c) = 23*c - 104. Give n(2).
-58
Let t(f) = 4*f**2 + 108*f + 91. Give t(-26).
-13
Let o(f) = f**2 - 10*f + 28. Calculate o(16).
124
Let u(t) = -8*t - 299. Give u(-31).
-51
Let y(u) = u**3 - 18*u**2 + 54*u - 5. What is y(5)?
-60
Let h(a) = 46*a + 1647. Give h(-34).
83
Let p(t) = -576*t - 4025. Determine p(-7).
7
Let w(a) = -39*a - 663. What is w(-17)?
0
Let f(c) = 5*c**2 - 224*c + 123. Calculate f(44).
-53
Let k(p) = -p**3 - 70*p**2 + 373*p - 166. What is k(-75)?
-16
Let x(w) = -w**3 + 3*w**2 - 2*w - 7. What is x(5)?
-67
Let t(d) = d**3 - 14*d**2 + 13*d + 279. What is t(12)?
147
Let f(h) = h**2 - 270*h + 1598. Calculate f(6).
14
Let w(j) = -j**3 - 9*j**2 + 8*j - 15. Determine w(-10).
5
Let t(a) = -a**3 + 11*a**2 - 291*a + 4140. Calculate t(13).
19
Let h(w) = -w + 19. Calculate h(-1).
20
Let s(z) = 72*z - 385. Give s(5).
-25
Let d(l) = 354*l - 343. Calculate d(1).
11
Let j(h) = -3*h**3 - 109*h**2 - 37*h + 26. Give j(-36).
62
Let v(u) = 151*u**2 + 3954*u + 722. Calculate v(-26).
-6
Let o(a) = -6*a**2 - 56*a - 145. What is o(-3)?
-31
Let h(l) = -l**3 - 7*l**2 + 41*l + 225. Give h(-6).
-57
Let r(t) = -8*t + 36. What is r(5)?
-4
Let z(i) = 48*i**3 + 3*i**2 + 6*i + 3. Determine z(-1).
-48
Let b(o) = 4*o**2 + 375*o + 1787. What is b(-5)?
12
Let j(r) = -r**3 + 63*r**2 + 61*